2 - 27*w - 8. Let q be n(-7). Let z(i) = i**3 + 18*i**2 + 17*i - 6. What are the prime factors of z(q)?
2, 3, 23
Let w = -53454 - -135532. List the prime factors of w.
2, 41039
Let j = 1134 - -4889. What are the prime factors of j?
19, 317
Let w(h) = 23*h**3 + h**2 + 90*h - 468. What are the prime factors of w(6)?
2, 3, 47
Let i = 132 + -117. Let y(a) = 74*a - 184. What are the prime factors of y(i)?
2, 463
Suppose 4*s - 44 = -2*d - d, -4 = -d + 4*s. Suppose -3*j + 4427 = d*a - 8*a, 4*j = 2*a - 2186. List the prime factors of a.
1103
Suppose -57*j + 750761 + 793597 = 0. What are the prime factors of j?
2, 19, 23, 31
Suppose -2*z - 3 = 3. Let q(b) be the second derivative of -b**5/20 - 5*b**3/3 - b**2 - 233*b + 2. What are the prime factors of q(z)?
5, 11
Suppose -84258 + 230634 = 19*j. List the prime factors of j.
2, 3, 107
Let a(u) be the second derivative of -u**3/6 + 4*u**2 + 15*u. Let s be a(5). Suppose 2*h - s*h - 4*m + 150 = 0, -5*m + 147 = h. List the prime factors of h.
2, 3
Suppose -597*n - 2953025 + 15881831 = -36*n. List the prime factors of n.
2, 3, 23, 167
Let b be -3 + 3 + 3/((-9)/(-12)). Suppose -3*h + 1314 = 3*d, 0 = 5*d - b*d - 4*h - 433. What are the prime factors of d?
19, 23
Suppose -4*z + 22421 = 5*s, 70*z - 69*z + 1 = 0. List the prime factors of s.
3, 5, 13, 23
Let v be 3/((13/39)/((-4)/(-18))). Suppose p = 5*s - 6*s + 535, v*p - 2*s - 1086 = 0. What are the prime factors of p?
7, 11
List the prime factors of (-2)/(((-4)/102)/(29458/39)).
2, 11, 17, 103
Let v(x) = x**2 - 3*x + 1. Let d be ((-14)/(-28))/((-2)/20). Let y be v(d). Let b = 90 - y. What are the prime factors of b?
7
Let n(r) = 38*r - 13 + 116*r - 26*r. List the prime factors of n(4).
499
Let o be (-3)/(-2*9/(-2634)). Let h = o - -781. What are the prime factors of h?
2, 3, 19
Let m be ((-4)/(-6))/((-2)/4623). Let p = m - -2191. List the prime factors of p.
2, 5, 13
Suppose 3*j = 1163 + 523. Suppose 0 = 3*v - 3, 3*y - 4*v = -8*v + j. What are the prime factors of y?
2, 3, 31
Suppose -5*a = -3*w + 676, -2*a - a = -4*w + 916. Let o = -118 + w. Suppose -28*s = -26*s - o. What are the prime factors of s?
3, 19
Let n = 28 - 23. Suppose 3*z + 544 = n*z. List the prime factors of z.
2, 17
Let x be (12/(-3))/(2/(-23)). Let n = x - 42. Suppose -17 - 111 = -n*y. List the prime factors of y.
2
Let w(t) = -t. Let p be w(3). Let f be p + (162/4)/(6/8). Suppose -4*c + 4*d + 53 = -c, 3*c - f = 3*d. List the prime factors of c.
3, 5
Let r be ((-9)/(-18))/(1/114). Let n = -87 - -28. Let v = r - n. List the prime factors of v.
2, 29
Suppose -5*m + 671 = 2*f, -3*f - 4*m + 618 = -371. Let v = f + -181. What are the prime factors of v?
2, 71
Let j(h) = h**3 + 66*h**2 - 75*h - 532. Let f be j(-67). Let r = 588 - 414. Suppose -f*a = -6*a + r. List the prime factors of a.
3, 29
Let k(u) = u - 20. Let h be k(-17). Let z = 35 + h. Let s(b) = 52*b**2 - b + 2. What are the prime factors of s(z)?
2, 53
Let f(h) = h**2 - 6*h + 5. Let l be f(-11). Let b = 715 + l. What are the prime factors of b?
907
Let d(t) = -t**2 - 41*t + 17. Suppose 29*m = -130 - 218. What are the prime factors of d(m)?
5, 73
Let y(b) = -2*b + 6. Let u be (-2)/3*(1 - 4)*1. Let g be y(u). Suppose g*n - 177 = -4*d - 3*n, 3*d = n + 109. What are the prime factors of d?
2, 19
Suppose 0 = 6*t - 12*t + 12. Suppose -3 = -i + 3*f - 0, i - 4*f - t = 0. Suppose i*m = m + 1040. List the prime factors of m.
2, 13
Suppose 471 = 5*i - 59. Suppose l - 56 = i. List the prime factors of l.
2, 3
Let j(q) = q**3 - 20*q**2 + 26*q + 24. List the prime factors of j(29).
17, 491
Suppose 14*d + 2073 = -587. Let m = 178 - d. List the prime factors of m.
2, 23
Let h(b) = 85 + b + 56 - 47 + 7*b. List the prime factors of h(17).
2, 5, 23
Suppose d + 5*p = 2137, -4260 = -2*d - 3*p - 0*p. List the prime factors of d.
3, 709
What are the prime factors of (16590/(-315))/(3/(-405))?
2, 3, 5, 79
Suppose -5085 = 10*t + 5*t. Let x = t + 963. What are the prime factors of (-2)/(-2*4/x)?
2, 3, 13
Suppose -4*q + 24 = -4*i + 8, 4*i - 3*q + 15 = 0. Let n be (425 - -28)*(1/1)/i. Let b = n + 236. List the prime factors of b.
5, 17
List the prime factors of ((1*2)/(2 + -4))/((-24)/365496).
97, 157
Let g be (0 - -3) + 0/((-8)/4). Suppose -6*u + u = -920. Suppose -g*i = i - u. What are the prime factors of i?
2, 23
Suppose 3*y - 143 = -116. Suppose 22 - 4 = y*n. What are the prime factors of n?
2
Let s = 241 + -208. Suppose 0 = s*r - 11*r - 19426. What are the prime factors of r?
883
Suppose 714 = 10*n - 11*n - 2*q, -3*q - 12 = 0. Let r = -327 - n. List the prime factors of r.
379
Let j = -8 + -12. Let d = 23 + j. Suppose 0 = -3*g + d, -666 = -4*w + 2*g. List the prime factors of w.
167
Let x(j) = 31*j**2 - 18*j + 92. What are the prime factors of x(-13)?
3, 5, 7, 53
Let l(a) = a**2 - 9*a + 11. Let t be l(8). Let x(q) = 67*q - 3. What are the prime factors of x(t)?
2, 3, 11
List the prime factors of 41673/15 + (-4)/(-5).
7, 397
Let x = 156 + -153. Suppose -x = 5*c - 8, 2*c - 462 = -2*b. List the prime factors of b.
2, 5, 23
Suppose 5*r + 6043 = -5097. List the prime factors of ((-6)/(-3))/((-8920)/r - 4).
557
List the prime factors of (299448/39 - (-6)/(-39))/(6/3).
11, 349
Suppose 11*a + x - 11 = 8*a, a - 2 = -2*x. Suppose -13*t + 569 = -12*t - l, -2306 = -a*t - 2*l. What are the prime factors of t?
2, 7, 41
Let i = 1325 - 912. Let v = -140 + i. What are the prime factors of v?
3, 7, 13
Let s = 1480 + 1189. Suppose -36*t + s = -19*t. What are the prime factors of t?
157
Let u = -208 - -235. Suppose 19*b + 328 = u*b. List the prime factors of b.
41
Let r(t) = -t**3 - 7*t**2 - 8*t - 9. Let q be r(-6). List the prime factors of (0 - -4)/(q/156).
2, 13
Let r be 1128/(-5 - -9) + 5. Let i = r - 206. What are the prime factors of i?
3
Suppose 131251 = 5*v + 3*c, -10*c + 262529 = 10*v - 13*c. What are the prime factors of v?
2, 6563
Let k(v) = v**2 - 35*v - 34. Let c be k(-13). Let z = 169 + c. What are the prime factors of z?
3, 11, 23
Let w = 42 + -36. Let j(i) = -4*i**2 + 10*i - 5. Let h be j(w). Let r = h - -174. List the prime factors of r.
5, 17
Let n be 119*-3*(-10)/(-7). Let q = -258 - n. What are the prime factors of q?
2, 3, 7
Suppose -50*s = -72*s - 60456. List the prime factors of ((-25)/(50/s))/(2 - 1).
2, 3, 229
Suppose 4*t + 28 = 0, -807*s = -805*s - 5*t - 2255. What are the prime factors of s?
2, 3, 5, 37
Let s(u) = 4*u**2 + 8*u + 20. Suppose -8 = 8*f + 88. Let d be s(f). Suppose d = y + 3*y. List the prime factors of y.
5
Let y(r) = -r - 1. Let t be y(-5). Suppose -a + t*s - 3 = 3*s, -3*a - 1 = s. List the prime factors of 759/22 + a/2.
2, 17
What are the prime factors of (5/(-25))/(9/(-1164915))?
3, 8629
Let n be (66/8)/(-2 + 1401/696). What are the prime factors of 4/22 - (-373752)/n?
2, 293
Let z = -51 - -47. Let y = -1 - z. What are the prime factors of (y/(-18)*-9)/(6/136)?
2, 17
Let o = 2188 - -30920. List the prime factors of o.
2, 3, 31, 89
Let u(j) = 184*j + 21. Let v(f) = 368*f + 40. Let x(h) = 7*u(h) - 3*v(h). List the prime factors of x(5).
947
Suppose 4*v - 201 = -5*p, -4 = 3*v - 3*p - 175. Let n = 468 - 446. Suppose -n = -2*g + v. List the prime factors of g.
2, 19
Suppose 5*q - 54*b + 53*b - 38685 = 0, q - 5*b = 7737. What are the prime factors of q?
3, 2579
Let l = 440 + -449. Let y(o) = 2*o**3 + 27*o**2 + 9*o - 6. List the prime factors of y(l).
2, 3, 107
Let y = 2442 - 2442. Let i be (6 - -1)*(-2)/(-2). Suppose y = 9*g - i*g - 278. List the prime factors of g.
139
Let q(z) = 126*z - 11. Let c be q(2). Suppose 3*k - 5*k = 0. Suppose x = -3*u + c, k*u - 332 = -4*u + 4*x. List the prime factors of u.
3
Suppose -84*c - 67752 = -2*w - 82*c, 33911 = w + 4*c. List the prime factors of w.
31, 1093
Let r = -3621 - -15559. List the prime factors of r.
2, 47, 127
Suppose 5*i + 45 = -80. List the prime factors of 44/(4/(-7) - i/35).
2, 7, 11
Let o be ((-20)/(-30))/(1/33). Let y = 17 - o. Let u(x) = -x**3 - x**2 - 4*x - 6. List the prime factors of u(y).
2, 3, 19
Suppose -4*i + 4032 = 4*s, -28*i + 29*i = -5*s + 5040. What are the prime factors of s?
2, 3, 7
Let d(p) = -p**2 + 22*p + 45. Let s(z) = 7*z + 3. Let m be s(2). Let l be (-16 + m)*(16 + 1). What are the prime factors of d(l)?
2, 5, 13
Suppose -42*f + 2130 = -36*f. Let n be 5/(1 - -4)*5